{"id":2,"date":"2018-10-21T07:58:20","date_gmt":"2018-10-21T07:58:20","guid":{"rendered":"https:\/\/www.skiclub-schwarzenfeld.de\/?page_id=2"},"modified":"2026-04-28T20:27:19","modified_gmt":"2026-04-28T20:27:19","slug":"sample-page","status":"publish","type":"page","link":"https:\/\/www.skiclub-schwarzenfeld.de\/","title":{"rendered":"Skiclub Schwarzenfeld"},"content":{"rendered":"<p><strong>Jahreshauptversammlung 2026<\/strong><\/p>\n<p><img loading=\"lazy\" decoding=\"async\" class=\"alignnone wp-image-799\" src=\"https:\/\/www.skiclub-schwarzenfeld.de\/wp-content\/uploads\/2026\/04\/Bild-JHV-300x200.jpg\" alt=\"\" width=\"608\" height=\"406\" srcset=\"https:\/\/www.skiclub-schwarzenfeld.de\/wp-content\/uploads\/2026\/04\/Bild-JHV-300x200.jpg 300w, https:\/\/www.skiclub-schwarzenfeld.de\/wp-content\/uploads\/2026\/04\/Bild-JHV-1024x683.jpg 1024w, https:\/\/www.skiclub-schwarzenfeld.de\/wp-content\/uploads\/2026\/04\/Bild-JHV-768x512.jpg 768w, https:\/\/www.skiclub-schwarzenfeld.de\/wp-content\/uploads\/2026\/04\/Bild-JHV-1536x1024.jpg 1536w, https:\/\/www.skiclub-schwarzenfeld.de\/wp-content\/uploads\/2026\/04\/Bild-JHV-2048x1365.jpg 2048w\" sizes=\"auto, (max-width: 608px) 100vw, 608px\" \/><\/p>\n<p>Von links nach rechts: Matthias Aures, David Pronath, Vorstand Rudi P\u00f6sl, Josef Wendl,<br \/>\nMatthias Hunziger, Karl-Ludwig Radlinger, Doris Aures, Karin Scheuerer-Pamler, Marion<br \/>\nWegerer, Stefan Steinbacher, Xaver Steinbacher, Franz Eckert, Heidi Karger-Pfannekuch,<br \/>\nAdrian Kronfeld, Gerhard Peter und Ehrenpr\u00e4sident Alwin Werner.<\/p>\n<p>&nbsp;<\/p>\n<p><span style=\"color: #000000;\"><strong>Aktuellste Informationen<\/strong><\/span><br \/>\n<span style=\"color: #000000;\">erhaltet ihr \u00fcber die <a style=\"color: #000000;\" href=\"https:\/\/www.facebook.com\/SkiclubSchwarzenfeldEv\">Skiclub Facebook-Seite<\/a><\/span><br \/>\n<span style=\"color: #000000;\">\u2013 am besten gleich &#8222;liken&#8220; und so immer die auf dem Laufenden bleiben!<\/span><\/p>\n<p>&nbsp;<\/p>\n<p>&nbsp;<\/p>\n<p><span style=\"color: #000000;\"><strong>Webcam des Golfclubs<\/strong><\/span><br \/>\n<span style=\"color: #000000;\">mit Blick auf den Schlittenhang gegen\u00fcber<\/span><\/p>\n<p><span style=\"color: #000000;\"><a style=\"color: #000000;\" href=\"https:\/\/golf-oberpfalz.de\/golfanlage\/webcam-2\/\">https:\/\/golf-oberpfalz.de\/golfanlage\/webcam-2\/<\/a><\/span><\/p>\n<p>&nbsp;<\/p>\n<p>&nbsp;<\/p>\n<p>&nbsp;<\/p>\n<p>&nbsp;<\/p>\n<p>&nbsp;<\/p>\n<h2><span style=\"color: #000000;\"><strong>R\u00fcckblick<\/strong><\/span><\/h2>\n<p><span style=\"color: #000000;\"><strong>Faschingsball am Samstag, den 15.02.2025<br \/>\n<\/strong>Nach mehreren Jahren ohne Faschingsball in Schwarzenfeld hat sich der Skiclub letztes Jahr zu seinem 75-j\u00e4hrigen Jubil\u00e4um an diese Veranstaltung gewagt und einen tollen Erfolg erzielt. Eigentlich sollte es eine einmalige Aktion bleiben, aber die R\u00fcckmeldungen der G\u00e4ste waren derart positiv, dass der Skiclub auch dieses Jahr wieder einen Faschings-Schneeball in der Miesberggastst\u00e4tte mit der Band \u201eSpritztour\u201c veranstaltete.<\/span><\/p>\n<p><img loading=\"lazy\" decoding=\"async\" class=\"alignnone wp-image-677\" src=\"https:\/\/www.skiclub-schwarzenfeld.de\/wp-content\/uploads\/2025\/02\/IMG_1492-300x166.jpg\" alt=\"\" width=\"664\" height=\"367\" srcset=\"https:\/\/www.skiclub-schwarzenfeld.de\/wp-content\/uploads\/2025\/02\/IMG_1492-300x166.jpg 300w, https:\/\/www.skiclub-schwarzenfeld.de\/wp-content\/uploads\/2025\/02\/IMG_1492-1024x568.jpg 1024w, https:\/\/www.skiclub-schwarzenfeld.de\/wp-content\/uploads\/2025\/02\/IMG_1492-768x426.jpg 768w, https:\/\/www.skiclub-schwarzenfeld.de\/wp-content\/uploads\/2025\/02\/IMG_1492-1536x851.jpg 1536w, https:\/\/www.skiclub-schwarzenfeld.de\/wp-content\/uploads\/2025\/02\/IMG_1492-2048x1135.jpg 2048w\" sizes=\"auto, (max-width: 664px) 100vw, 664px\" \/><\/p>\n<p><span style=\"color: #000000;\">Ausgelassene Stimmung herrschte bis weit nach Mitternacht<\/span><\/p>\n<p><img loading=\"lazy\" decoding=\"async\" class=\"alignnone wp-image-679\" src=\"https:\/\/www.skiclub-schwarzenfeld.de\/wp-content\/uploads\/2025\/02\/IMG_1507-300x161.jpg\" alt=\"\" width=\"663\" height=\"356\" srcset=\"https:\/\/www.skiclub-schwarzenfeld.de\/wp-content\/uploads\/2025\/02\/IMG_1507-300x161.jpg 300w, https:\/\/www.skiclub-schwarzenfeld.de\/wp-content\/uploads\/2025\/02\/IMG_1507-1024x551.jpg 1024w, https:\/\/www.skiclub-schwarzenfeld.de\/wp-content\/uploads\/2025\/02\/IMG_1507-768x413.jpg 768w, https:\/\/www.skiclub-schwarzenfeld.de\/wp-content\/uploads\/2025\/02\/IMG_1507-1536x826.jpg 1536w, https:\/\/www.skiclub-schwarzenfeld.de\/wp-content\/uploads\/2025\/02\/IMG_1507-2048x1101.jpg 2048w\" sizes=\"auto, (max-width: 663px) 100vw, 663px\" \/><\/p>\n<p>Stullner Prinzengarde mit tollen T\u00e4nzen<\/p>\n<p><img loading=\"lazy\" decoding=\"async\" class=\"alignnone wp-image-680\" src=\"https:\/\/www.skiclub-schwarzenfeld.de\/wp-content\/uploads\/2025\/02\/IMG_1557-300x206.jpg\" alt=\"\" width=\"665\" height=\"456\" srcset=\"https:\/\/www.skiclub-schwarzenfeld.de\/wp-content\/uploads\/2025\/02\/IMG_1557-300x206.jpg 300w, https:\/\/www.skiclub-schwarzenfeld.de\/wp-content\/uploads\/2025\/02\/IMG_1557-1024x704.jpg 1024w, https:\/\/www.skiclub-schwarzenfeld.de\/wp-content\/uploads\/2025\/02\/IMG_1557-768x528.jpg 768w, https:\/\/www.skiclub-schwarzenfeld.de\/wp-content\/uploads\/2025\/02\/IMG_1557-1536x1056.jpg 1536w, https:\/\/www.skiclub-schwarzenfeld.de\/wp-content\/uploads\/2025\/02\/IMG_1557-2048x1408.jpg 2048w\" sizes=\"auto, (max-width: 665px) 100vw, 665px\" \/><\/p>\n<p><span style=\"color: #000000;\">Das Stullner M\u00e4nnerballett &#8222;Die Krummen Gurken&#8220; mit den 1. Stullner Kurzfilmtagen<\/span><\/p>\n<p><img loading=\"lazy\" decoding=\"async\" class=\"alignnone wp-image-682\" src=\"https:\/\/www.skiclub-schwarzenfeld.de\/wp-content\/uploads\/2025\/02\/IMG_1562-300x193.jpg\" alt=\"\" width=\"665\" height=\"428\" srcset=\"https:\/\/www.skiclub-schwarzenfeld.de\/wp-content\/uploads\/2025\/02\/IMG_1562-300x193.jpg 300w, https:\/\/www.skiclub-schwarzenfeld.de\/wp-content\/uploads\/2025\/02\/IMG_1562-1024x658.jpg 1024w, https:\/\/www.skiclub-schwarzenfeld.de\/wp-content\/uploads\/2025\/02\/IMG_1562-768x494.jpg 768w, https:\/\/www.skiclub-schwarzenfeld.de\/wp-content\/uploads\/2025\/02\/IMG_1562-1536x987.jpg 1536w, https:\/\/www.skiclub-schwarzenfeld.de\/wp-content\/uploads\/2025\/02\/IMG_1562-2048x1316.jpg 2048w\" sizes=\"auto, (max-width: 665px) 100vw, 665px\" \/><\/p>\n<p><span style=\"color: #000000;\">Vorstandschaft und Gewinner der Tombola am Schneeball:<\/span><br \/>\n<span style=\"color: #000000;\">Rudi P\u00f6sl, Marille Paa, David Pronath, Gl\u00fccksfee und Stullner Faschingsprinzessin Melina I., Claudia Plewan, Wolfgang B\u00e4uml, Wolfgang Lobinger und Barbara Fr\u00f6hlich<\/span><\/p>\n<p>&nbsp;<\/p>\n<p><span style=\"color: #000000;\"><strong>Skikurse am Fahrenberg<\/strong><\/span><\/p>\n<p>&nbsp;<\/p>\n<p><img loading=\"lazy\" decoding=\"async\" class=\"alignnone wp-image-672\" src=\"https:\/\/www.skiclub-schwarzenfeld.de\/wp-content\/uploads\/2025\/02\/02_1737876950775-300x220.jpg\" alt=\"\" width=\"662\" height=\"485\" srcset=\"https:\/\/www.skiclub-schwarzenfeld.de\/wp-content\/uploads\/2025\/02\/02_1737876950775-300x220.jpg 300w, https:\/\/www.skiclub-schwarzenfeld.de\/wp-content\/uploads\/2025\/02\/02_1737876950775-1024x751.jpg 1024w, https:\/\/www.skiclub-schwarzenfeld.de\/wp-content\/uploads\/2025\/02\/02_1737876950775-768x563.jpg 768w, https:\/\/www.skiclub-schwarzenfeld.de\/wp-content\/uploads\/2025\/02\/02_1737876950775-1536x1127.jpg 1536w, https:\/\/www.skiclub-schwarzenfeld.de\/wp-content\/uploads\/2025\/02\/02_1737876950775-2048x1502.jpg 2048w\" sizes=\"auto, (max-width: 662px) 100vw, 662px\" \/><\/p>\n<p><span style=\"color: #000000;\">\u00dcbungsleiter und Helfer des Skiclubs Schwarzenfeld<\/span><\/p>\n<p>&nbsp;<\/p>\n<p><span style=\"color: #000000;\"><strong>Tagesfahrt zur Steinplatte<\/strong><\/span><\/p>\n<p><img loading=\"lazy\" decoding=\"async\" class=\"alignnone wp-image-673\" src=\"https:\/\/www.skiclub-schwarzenfeld.de\/wp-content\/uploads\/2025\/02\/steinplatte-300x156.jpg\" alt=\"\" width=\"671\" height=\"349\" srcset=\"https:\/\/www.skiclub-schwarzenfeld.de\/wp-content\/uploads\/2025\/02\/steinplatte-300x156.jpg 300w, https:\/\/www.skiclub-schwarzenfeld.de\/wp-content\/uploads\/2025\/02\/steinplatte-1024x532.jpg 1024w, https:\/\/www.skiclub-schwarzenfeld.de\/wp-content\/uploads\/2025\/02\/steinplatte-768x399.jpg 768w, https:\/\/www.skiclub-schwarzenfeld.de\/wp-content\/uploads\/2025\/02\/steinplatte-1536x797.jpg 1536w, https:\/\/www.skiclub-schwarzenfeld.de\/wp-content\/uploads\/2025\/02\/steinplatte-2048x1063.jpg 2048w\" sizes=\"auto, (max-width: 671px) 100vw, 671px\" \/><\/p>\n<p>&nbsp;<\/p>\n<p><span style=\"color: #000000;\"><strong>Jubil\u00e4umsfeier am Freitag, den 20.12.24<\/strong><\/span><\/p>\n<p><span style=\"color: #000000;\">Eine Jubil\u00e4umsfeier zum 75-j\u00e4hrigen am 20.12.2024 im Restaurant Miesberg beendete das Jubil\u00e4umsjahr.\u00a0<\/span><\/p>\n<p><span style=\"color: #000000;\"><img loading=\"lazy\" decoding=\"async\" class=\"alignnone wp-image-654\" src=\"https:\/\/www.skiclub-schwarzenfeld.de\/wp-content\/uploads\/2024\/12\/Gruppenfoto-Ehrungen-Mitglieder-300x159.jpg\" alt=\"\" width=\"743\" height=\"394\" srcset=\"https:\/\/www.skiclub-schwarzenfeld.de\/wp-content\/uploads\/2024\/12\/Gruppenfoto-Ehrungen-Mitglieder-300x159.jpg 300w, https:\/\/www.skiclub-schwarzenfeld.de\/wp-content\/uploads\/2024\/12\/Gruppenfoto-Ehrungen-Mitglieder-1024x543.jpg 1024w, https:\/\/www.skiclub-schwarzenfeld.de\/wp-content\/uploads\/2024\/12\/Gruppenfoto-Ehrungen-Mitglieder-768x407.jpg 768w, https:\/\/www.skiclub-schwarzenfeld.de\/wp-content\/uploads\/2024\/12\/Gruppenfoto-Ehrungen-Mitglieder-1536x815.jpg 1536w, https:\/\/www.skiclub-schwarzenfeld.de\/wp-content\/uploads\/2024\/12\/Gruppenfoto-Ehrungen-Mitglieder-2048x1086.jpg 2048w\" sizes=\"auto, (max-width: 743px) 100vw, 743px\" \/><br \/>\n<\/span><\/p>\n<p>&nbsp;<\/p>\n<p><span style=\"color: #000000;\"><img loading=\"lazy\" decoding=\"async\" class=\"alignnone wp-image-655\" src=\"https:\/\/www.skiclub-schwarzenfeld.de\/wp-content\/uploads\/2024\/12\/Hans-Wutz-fuer-75-Jahre-geehrt-300x209.jpg\" alt=\"\" width=\"668\" height=\"465\" srcset=\"https:\/\/www.skiclub-schwarzenfeld.de\/wp-content\/uploads\/2024\/12\/Hans-Wutz-fuer-75-Jahre-geehrt-300x209.jpg 300w, https:\/\/www.skiclub-schwarzenfeld.de\/wp-content\/uploads\/2024\/12\/Hans-Wutz-fuer-75-Jahre-geehrt-1024x715.jpg 1024w, https:\/\/www.skiclub-schwarzenfeld.de\/wp-content\/uploads\/2024\/12\/Hans-Wutz-fuer-75-Jahre-geehrt-768x536.jpg 768w\" sizes=\"auto, (max-width: 668px) 100vw, 668px\" \/><\/span><\/p>\n<p><span style=\"color: #000000;\">Gr\u00fcndungsmitglied Hans Wutz wurde f\u00fcr 75 Jahre Mitgliedschaft geehrt<\/span><\/p>\n<p><span style=\"color: #000000;\"><img loading=\"lazy\" decoding=\"async\" class=\"alignnone wp-image-653\" src=\"https:\/\/www.skiclub-schwarzenfeld.de\/wp-content\/uploads\/2024\/12\/Ehrenurkunde-75-Jahre-282x300.jpg\" alt=\"\" width=\"493\" height=\"524\" srcset=\"https:\/\/www.skiclub-schwarzenfeld.de\/wp-content\/uploads\/2024\/12\/Ehrenurkunde-75-Jahre-282x300.jpg 282w, https:\/\/www.skiclub-schwarzenfeld.de\/wp-content\/uploads\/2024\/12\/Ehrenurkunde-75-Jahre-961x1024.jpg 961w, https:\/\/www.skiclub-schwarzenfeld.de\/wp-content\/uploads\/2024\/12\/Ehrenurkunde-75-Jahre-768x818.jpg 768w, https:\/\/www.skiclub-schwarzenfeld.de\/wp-content\/uploads\/2024\/12\/Ehrenurkunde-75-Jahre-1922x2048.jpg 1922w\" sizes=\"auto, (max-width: 493px) 100vw, 493px\" \/><\/span><\/p>\n<p><span style=\"color: #000000;\">Ehrenurkunde f\u00fcr 75 Jahre f\u00fcr den Skiclub Schwarzenfeld<\/span><\/p>\n","protected":false},"excerpt":{"rendered":"<p>Jahreshauptversammlung 2026 Von links nach rechts: Matthias Aures, David Pronath, Vorstand Rudi P\u00f6sl, Josef Wendl, Matthias Hunziger, Karl-Ludwig Radlinger, Doris Aures, Karin Scheuerer-Pamler, Marion Wegerer, Stefan Steinbacher, Xaver Steinbacher, Franz Eckert, Heidi Karger-Pfannekuch, Adrian Kronfeld, Gerhard Peter und Ehrenpr\u00e4sident Alwin Werner. &nbsp; Aktuellste Informationen erhaltet ihr \u00fcber die Skiclub Facebook-Seite \u2013 am besten gleich &#8222;liken&#8220; und so immer die auf dem Laufenden bleiben! &nbsp; &nbsp; Webcam des Golfclubs mit Blick auf den Schlittenhang gegen\u00fcber https:\/\/golf-oberpfalz.de\/golfanlage\/webcam-2\/ &nbsp; &nbsp; &nbsp; &nbsp; &nbsp; R\u00fcckblick Faschingsball am Samstag, den 15.02.2025 Nach mehreren Jahren ohne Faschingsball in Schwarzenfeld hat sich der Skiclub letztes Jahr zu seinemContinue reading &rarr;<\/p>\n","protected":false},"author":1,"featured_media":0,"parent":0,"menu_order":0,"comment_status":"closed","ping_status":"open","template":"","meta":{"_crdt_document":"","footnotes":""},"class_list":["post-2","page","type-page","status-publish","hentry","no-thumb"],"_links":{"self":[{"href":"https:\/\/www.skiclub-schwarzenfeld.de\/index.php\/wp-json\/wp\/v2\/pages\/2","targetHints":{"allow":["GET"]}}],"collection":[{"href":"https:\/\/www.skiclub-schwarzenfeld.de\/index.php\/wp-json\/wp\/v2\/pages"}],"about":[{"href":"https:\/\/www.skiclub-schwarzenfeld.de\/index.php\/wp-json\/wp\/v2\/types\/page"}],"author":[{"embeddable":true,"href":"https:\/\/www.skiclub-schwarzenfeld.de\/index.php\/wp-json\/wp\/v2\/users\/1"}],"replies":[{"embeddable":true,"href":"https:\/\/www.skiclub-schwarzenfeld.de\/index.php\/wp-json\/wp\/v2\/comments?post=2"}],"version-history":[{"count":349,"href":"https:\/\/www.skiclub-schwarzenfeld.de\/index.php\/wp-json\/wp\/v2\/pages\/2\/revisions"}],"predecessor-version":[{"id":802,"href":"https:\/\/www.skiclub-schwarzenfeld.de\/index.php\/wp-json\/wp\/v2\/pages\/2\/revisions\/802"}],"wp:attachment":[{"href":"https:\/\/www.skiclub-schwarzenfeld.de\/index.php\/wp-json\/wp\/v2\/media?parent=2"}],"curies":[{"name":"wp","href":"https:\/\/api.w.org\/{rel}","templated":true}]}}